0 = -b - 3*g - 4. Suppose 9*h + 475 = b*w + 4*h, 2*h = s. List the prime factors of w.
2, 3, 5
Suppose 0 = -32*w - 381 + 445. Let v be (0 - 138 - 1)*-1. Suppose -3*b + d + v = 0, -w*b + 4*b + d - 91 = 0. What are the prime factors of b?
2, 23
Suppose 15*y = 34*y - 91447. What are the prime factors of y?
4813
Suppose 43*p - 328770 = -2*p. List the prime factors of p.
2, 13, 281
Suppose 4*s + 500 = -3*q, 0 = -s - q + 2*q - 132. Let w be 23*(-2 + 1 + -2). Let z = w - s. What are the prime factors of z?
59
Suppose 20*s - 8*s = -72. Let n = 44 + s. Let v = 67 + n. What are the prime factors of v?
3, 5, 7
Let f(s) = -s**3 + s**2 + s + 8. Let n be f(0). Let m(d) = 2*d**3 - 4*d**2 + 11*d - 23. List the prime factors of m(n).
7, 17
Let u(d) = 0*d**2 - 2*d**2 + 5*d + 3*d**2 + 5 - 14. Let i be u(2). Suppose t = 4*c + c - 6, 0 = t + i*c - 24. What are the prime factors of t?
3
Suppose -5*n = -104 + 39. Suppose -n*w = -8*w - 10. What are the prime factors of -3*(-6)/(-12) - (-47)/w?
2, 11
Let w(p) = -p**3 - 17*p**2 + 20*p + 40. Let m be w(-18). Suppose -22*i = -24*i + m. Suppose i*t + 8 = -2*t, 4*h - 2*t = 620. What are the prime factors of h?
2, 7, 11
Let b(s) = 15*s**2 - 47*s + 40. What are the prime factors of b(18)?
2, 2027
Suppose 283556 = 7*q - 47250. What are the prime factors of q?
2, 23629
Suppose 0 = 20*d - 41 + 1. Suppose d*g + 305 = 1999. List the prime factors of g.
7, 11
Suppose -n - 36199 - 34113 = -9*n. List the prime factors of n.
11, 17, 47
Suppose -289724 - 293572 = -128*a. List the prime factors of a.
3, 7, 31
List the prime factors of (-2)/(-4) + 20/720*89514.
3, 829
Let f = -269 + 297. Suppose 0 = 2*g + 5*l - 772, -g + 348 = 5*l - f. What are the prime factors of g?
2, 3, 11
Let i(h) = 139*h**2 + 8*h + 150. List the prime factors of i(-9).
3, 3779
Suppose -4*b = -3*t - 19, 5 = -7*t + 2*t. Suppose -2*i + 6*z = 3*z + 7057, -b*z + 17625 = -5*i. What are the prime factors of i/(-21) + 2/6?
2, 3, 7
Let j = -22606 - -33464. Suppose 0 = -27*w + 25079 + j. What are the prime factors of w?
11
Suppose 1090*c - 1085*c = 4*f - 42489, 0 = -3*c + 21. What are the prime factors of f?
10631
Suppose 7*k = 26824 + 58975. Suppose 11*o = -6*o + k. What are the prime factors of o?
7, 103
Let u = -41 + -21. Let p = 278 + u. Suppose 4*o + 2*c + 2*c - p = 0, 0 = 3*o + c - 166. List the prime factors of o.
2, 7
Let b(j) = 176*j + 4437. List the prime factors of b(47).
71, 179
Suppose -13*n = -2*t - 12*n + 26325, 0 = -5*n + 5. List the prime factors of t.
13163
Let b = -309 - -3751. List the prime factors of b.
2, 1721
Let c(o) = -5*o**3 - 16*o**2 + 4*o + 9. Let p(f) = -2*f**3 + f**2 - f + 1. Let n(g) = -c(g) + 3*p(g). What are the prime factors of n(15)?
3, 263
Suppose 23*z = -11*z + 306. Suppose 1203 = -z*x + 10617. What are the prime factors of x?
2, 523
Let v(g) = g**3 + 7*g**2 + 7*g + 12. Let f be v(-6). Suppose 3*r - 9 = 3*d, -3*d = -5*d - 2*r + f. Let a = 10 - d. List the prime factors of a.
2, 5
Suppose 207 = 8*o + 167. Suppose 3*h - 17*s - 2491 = -12*s, -o*h + 4115 = -s. List the prime factors of h.
2, 3, 137
Let d = -8 - -32. Suppose d*u - 25*u = -287. What are the prime factors of u?
7, 41
Let u(v) = 1180*v + 1584. List the prime factors of u(4).
2, 197
Let b = 215 + -191. Suppose b*d = 14803 + 14621. What are the prime factors of d?
2, 613
Let n be (-77700)/(-126) - (-5)/(-3). Let m = n - -144. List the prime factors of m.
3, 11, 23
Suppose -12*l + 14*l - 10634 = 2*c, -2*c = 4*l - 21262. List the prime factors of l.
2, 3, 443
Let w(v) = -3*v - 17. Let h be w(-7). Let c be (-18)/h + (-5)/(-10). List the prime factors of c/((-515)/(-175) - 3).
2, 5, 7
What are the prime factors of (4 + -19)*(34/68)/(1/(-2546))?
3, 5, 19, 67
Let o be (-2)/26 + (-786)/(-78). Suppose -k + 3*k = 3904. What are the prime factors of 4/o - (4 + k/(-20))?
2, 47
Let v(q) = 19150*q + 81. What are the prime factors of v(1)?
19231
Suppose -26*z - 31263 + 281799 = 0. List the prime factors of z.
2, 3, 11, 73
Let m(z) = -1. Let f(y) = 19*y**2 + 7. Let r(h) = f(h) + 6*m(h). Let v be r(2). Suppose 0 = 3*x - l - 104, 2*l - 13 + v = 2*x. What are the prime factors of x?
2, 3
Suppose -k - 74 + 317 = 0. Let b = k - 399. Let r = b + 231. What are the prime factors of r?
3, 5
Suppose 0 = -q - 11 + 26. What are the prime factors of ((-474)/q)/(2/(-15))?
3, 79
Let p = 3726 + -1029. Suppose 451 = -2*l + p. List the prime factors of l.
1123
What are the prime factors of (115175/20)/(15/72)?
2, 3, 17, 271
Let x be 4/(-4)*(-68 - (-1 - 1)). Suppose 5*l = 3*l + x. Suppose -a - 4*j = -l - 33, 5*a - 362 = -4*j. List the prime factors of a.
2, 37
Let t(y) be the first derivative of 15*y**3/2 - 8*y**2 - 36*y + 27. Let q(g) be the first derivative of t(g). List the prime factors of q(3).
7, 17
Let r be 217/(-3) - (-24)/72. Let n = 120 + r. What are the prime factors of n?
2, 3
Suppose -2*u - 2*u + 5*x = 60, -5*u - 70 = -5*x. Let w be (-11 + 8)*u/3. Suppose 11*l - w*l - 235 = 0. List the prime factors of l.
5, 47
Let c = 9569 + 2730. What are the prime factors of c?
7, 251
Suppose -240*p - 99181 = -3*u - 244*p, 2*u - 66154 = 4*p. List the prime factors of u.
43, 769
Suppose -4*v - 4*m = -6*m - 38, -3*v + 36 = -3*m. Let y(u) = -3 - 7 + 18*u - 19. List the prime factors of y(v).
97
Suppose -6 = -2*n, -3*t - 2*n + 3120 = -2*t. List the prime factors of t.
2, 3, 173
Suppose -2*c - 29 = -81. Let h = c + -23. Suppose h*y + 3 - 12 = 0. List the prime factors of y.
3
Suppose 12*r - 192 = 36*r. Let p(v) = v**2 + 3*v - 20. List the prime factors of p(r).
2, 5
Let o(f) = 33*f**2 - 14 + f**2 - 9*f**2 - 14 + 8*f. List the prime factors of o(4).
2, 101
Let x(w) be the second derivative of 3*w**4/4 + 3*w**3/2 - 2*w**2 + 66*w. What are the prime factors of x(-9)?
2, 7, 23
Let t(k) = k**3 - 9*k**2 - 24*k + 1. Let a be t(11). Let o = a - -35. Let j = o - -71. What are the prime factors of j?
5, 17
Suppose -11 = -2*f + 5*m, 3*m + 7 - 1 = f. What are the prime factors of (-5)/(-30)*f*2 + 39?
2, 5
Suppose -21*b + 25*b - 883 = -3*u, u - b = 306. What are the prime factors of u?
7, 43
Suppose 0 = -3*o - 3*k + 25295 - 4886, 5*k + 13620 = 2*o. Suppose -o - 22833 = -29*w. What are the prime factors of w?
2, 7, 73
Suppose 434 + 230 = -23*w + 50551. What are the prime factors of w?
3, 241
Let y(m) = 7*m + 314. Let b be y(-37). Suppose 63*p - 1304 = b*p. List the prime factors of p.
163
Let h = -194 - -838. Let a be ((-32)/18 - -2) + h/18. What are the prime factors of 218/8 - 9/a?
3
Suppose 0 = 3*r + 3*c - 24, -2*r + 10 = -5*c - 6. Let n = -26 + r. List the prime factors of ((-4)/(-6))/(n/(-1917)).
71
Suppose -6*d + 43538 = 23*d - 155054. List the prime factors of d.
2, 107
Let h = -1850 - -12768. List the prime factors of h.
2, 53, 103
Let a(h) = 2*h**3 + 74*h**2 + 36*h + 42. Let i be (-93)/(-155) - 549/15. List the prime factors of a(i).
2, 3, 223
Let g(z) = 92*z**3 + 7*z**2 - 47*z + 115. What are the prime factors of g(6)?
7, 2851
Suppose 95*s + 112*s - 2185506 = 0. What are the prime factors of s?
2, 5279
Let s = -49 - -41. Suppose 14 = a - 0. Let k = a + s. What are the prime factors of k?
2, 3
Suppose -o - 738 = 2*o. Let t be (o/8 - -3) + 1/(-4). Let x = -26 - t. List the prime factors of x.
2
Suppose -2*t + t = 66. Let i = -60 - t. Let o(p) = 6*p - 5. What are the prime factors of o(i)?
31
Let z = 131 - 134. Let p(j) = 29*j**2 - 2*j + 2. List the prime factors of p(z).
269
Let h(s) = -1261*s**3 + 2*s**2 - 43*s - 170. List the prime factors of h(-4).
2, 7, 73, 79
Suppose 5*y = 3*y + 5*o + 2, 0 = -3*y + 5*o - 2. List the prime factors of 2/y - (-951)/2.
5, 19
Suppose 3*b = 3*w - 9688 + 31762, 5*b - 36781 = -4*w. What are the prime factors of b?
7, 1051
What are the prime factors of -5 + ((-31)/((-217)/11004))/(2/13)?
7, 1459
Suppose -6*i - 6*i = 1344. Let z = i - -258. What are the prime factors of z?
2, 73
Suppose -5*x - p + 77093 = 0, -114*x + 5*p + 15455 = -113*x. List the prime factors of x.
2, 3, 5, 257
Let p = -2410 + 988. List the prime factors of (-7 + 7)/(-2) - p.
2, 3, 79
Suppose 0 = 35*c + 30335 - 124065. List the prime factors of c.
2, 13, 103
Suppose -22*z + 17*z - 5*j + 30705 = 0, 5*z = -4*j + 30704. What are the prime factors of z?
2, 5, 307
Suppose 0 = -5*s - 3*n - 2, 0*s - 2 = s + n. Let r = 313 - s. Wh